{"id":2,"date":"2018-03-01T17:34:11","date_gmt":"2018-03-01T17:34:11","guid":{"rendered":"http:\/\/nenpreceptorship.it\/?page_id=2"},"modified":"2021-09-09T15:32:08","modified_gmt":"2021-09-09T15:32:08","slug":"sample-page","status":"publish","type":"page","link":"https:\/\/nenpreceptorship.it\/","title":{"rendered":"Home"},"content":{"rendered":"<p>[vc_row unlock_row_content=&#8221;yes&#8221; row_height_percent=&#8221;0&#8243; overlay_alpha=&#8221;50&#8243; gutter_size=&#8221;2&#8243; column_width_percent=&#8221;100&#8243; shift_y=&#8221;0&#8243; z_index=&#8221;0&#8243;][vc_column width=&#8221;1\/2&#8243;][vc_button button_color=&#8221;color-588883&#8243; size=&#8221;btn-lg&#8221; wide=&#8221;yes&#8221; border_width=&#8221;0&#8243; icon_position=&#8221;right&#8221; icon=&#8221;fa fa-arrow-right&#8221; link=&#8221;url:http%3A%2F%2Fnenpreceptorship.it%2Fwp-content%2Fuploads%2F2021%2F09%2FNEN-PRECEPTORSHIP-IEO-PROGRAMMA.pdf||target:%20_blank|&#8221;]NEN PRECEPTORSHIP 13\/14 Settembre 2021 [\/vc_button][\/vc_column][vc_column width=&#8221;1\/2&#8243;][vc_button button_color=&#8221;color-588883&#8243; size=&#8221;btn-lg&#8221; wide=&#8221;yes&#8221; border_width=&#8221;0&#8243; icon_position=&#8221;right&#8221; icon=&#8221;fa fa-arrow-right&#8221; link=&#8221;url:http%3A%2F%2Fnenpreceptorship.it%2F%3Fpage_id%3D474||target:%20_blank|&#8221;]Eventi correlati del gruppo multidisciplinare NET IEO[\/vc_button][\/vc_column][\/vc_row][vc_row unlock_row_content=&#8221;yes&#8221; row_height_percent=&#8221;0&#8243; overlay_alpha=&#8221;50&#8243; gutter_size=&#8221;2&#8243; column_width_percent=&#8221;100&#8243; desktop_visibility=&#8221;yes&#8221; medium_visibility=&#8221;yes&#8221; mobile_visibility=&#8221;yes&#8221; shift_y=&#8221;0&#8243; z_index=&#8221;0&#8243;][vc_column width=&#8221;1\/4&#8243;][\/vc_column][vc_column column_width_percent=&#8221;100&#8243; position_vertical=&#8221;middle&#8221; overlay_alpha=&#8221;50&#8243; gutter_size=&#8221;3&#8243; medium_width=&#8221;0&#8243; mobile_width=&#8221;0&#8243; shift_x=&#8221;0&#8243; shift_y=&#8221;0&#8243; shift_y_down=&#8221;0&#8243; z_index=&#8221;0&#8243; width=&#8221;1\/2&#8243;][vc_row_inner][vc_column_inner width=&#8221;1\/6&#8243;][vc_single_image media=&#8221;523&#8243; media_width_percent=&#8221;100&#8243; media_link=&#8221;url:http%3A%2F%2Fnenpreceptorship.it%2F%3Fpage_id%3D474|||&#8221;][\/vc_column_inner][vc_column_inner column_width_percent=&#8221;100&#8243; position_vertical=&#8221;middle&#8221; gutter_size=&#8221;3&#8243; overlay_alpha=&#8221;50&#8243; medium_width=&#8221;0&#8243; mobile_width=&#8221;0&#8243; shift_x=&#8221;0&#8243; shift_y=&#8221;0&#8243; shift_y_down=&#8221;0&#8243; z_index=&#8221;0&#8243; width=&#8221;5\/6&#8243;][vc_column_text]<\/p>\n<h2><a href=\"https:\/\/nenpreceptorship.it\/?page_id=474\">Eventi correlati del gruppo multidisciplinare NET IEO<\/a><\/h2>\n<p>[\/vc_column_text][\/vc_column_inner][\/vc_row_inner][\/vc_column][vc_column width=&#8221;1\/4&#8243;][\/vc_column][\/vc_row][vc_row row_height_percent=&#8221;0&#8243; overlay_alpha=&#8221;50&#8243; gutter_size=&#8221;3&#8243; column_width_percent=&#8221;100&#8243; shift_y=&#8221;0&#8243; z_index=&#8221;0&#8243; css=&#8221;.vc_custom_1520013727061{margin-top: -20px !important;}&#8221;][vc_column width=&#8221;1\/1&#8243;][vc_column_text]<\/p>\n<h2 style=\"text-align: center; font-size: 50px; letter-spacing: 2px; font-weight: bold; color: #0b72b5;\">BENVENUTI<\/h2>\n<p>[\/vc_column_text][vc_separator][\/vc_column][\/vc_row][vc_row][vc_column width=&#8221;1\/2&#8243;][vc_column_text]<strong>Neoplasie neuroendocrine (NEN)<\/strong><\/p>\n<p>Le neoplasie neuroendocrine (NEN) sono un gruppo di neoplasie rare ed eterogenee sul piano biologico e clinico. Possono originare in vari distretti dell\u2019organismo e nella gran parte dei casi nascono nell\u2019apparato digerente. Sono per lo pi\u00f9 avanzate, non associate a sindrome ed esprimenti i recettori della somatostatina. Purtroppo, malgrado la sempre maggiore consapevolezza talora la diagnosi \u00e8 tardiva o misconosciuta, la prognosi non correttamente stimata e l\u2019approccio terapeutico eterogeneo.<\/p>\n<p>L\u2019aumento progressivo di incidenza e l\u2019elevata prevalenza rendono abbastanza probabile che il clinico venga a contatto con pazienti affetti da NEN nella sua pratica quotidiana.<\/p>\n<p>L\u2019eterogeneit\u00e0 biologica delle NEN fa s\u00ec che l\u2019imaging per la loro identificazione e stadiazione sia piuttosto vario e basato su metodiche morfologiche e funzionali, in continua evoluzione. Sul piano terapeutico si \u00e8 passati dalla difficolt\u00e0 decisionale degli anni 80\u2019 legata alla carenza di terapie all\u2019imbarazzo attuale relativo all\u2019esistenza di numerosi trattamenti diversi l\u2019uno dall\u2019altro, potenzialmente utilizzabili nello stesso setting clinico, con livelli di evidenza diversi.<\/p>\n<p>Per quanto vi sia stato, soprattutto negli ultimi dieci anni, un notevole sviluppo terapeutico, con diverse terapie approvate sulla base di ampi studi di fase III, ad oggi non esiste una sequenza terapeutica standard, validata in pratica clinica.<\/p>\n<p>Pertanto, il beneficio clinico del paziente con NEN dipende dalla impostazione diagnostico\/terapeutica iniziale e dalla gestione multidisciplinare dedicata. Ci\u00f2 pu\u00f2 avvenire solo se il paziente viene visto <em>ab initio<\/em> nell\u2019ambito di un gruppo multispecialistico dedicato ai NET o se viene inquadrato dal singolo specialista in maniera adeguata e con la collaborazione di un Centro di riferimento.<\/p>\n<p>E\u2019, pertanto, utile che tutti i medici che potenzialmente vedranno un paziente con NEN o sospetta tale nella loro pratica clinica acquisiscano una <em>forma mentis<\/em> comune ed una modalit\u00e0 d\u2019approccio diagnostico\/terapeutica univoca. Per il clinico che sul territorio si trovi a dover gestire un paziente con sospetto diagnostico o diagnosi di NEN \u00e8 fortemente raccomandata la collaborazione con un Centro di riferimento.[\/vc_column_text][\/vc_column][vc_column width=&#8221;1\/2&#8243;][vc_column_text]<strong>IEO NEN Preceptorship<\/strong><\/p>\n<p>Il Preceptorship IEO sulle neoplasie neuroendocrine (NEN) nasce dall\u2019esigenza di condividere e trasmettere una <em>forma mentis<\/em> univoca nell\u2019approccio a questo gruppo cos\u00ec eterogeneo di neoplasie. Il corso \u00e8 rivolto a medici di varie specialit\u00e0, operanti in strutture di vario genere del territorio italiano, interessati ad approfondire la conoscenza sulle NEN<\/p>\n<p>Il corso ha avuto le sue prime due edizioni nel 2013, con circa 30 partecipanti per edizione. E\u2019 proseguito negli anni successivi con un\u2019unica edizione per anno, con circa 60 partecipanti per edizione.<\/p>\n<p>La Faculty \u00e8 stata sempre rappresentata da tutti i medici del gruppo multidisciplinare IEO dedicato alle NEN ed allargata alla partecipazione di colleghi di altri Istituti, prevalentemente lombardi, routinariamente coinvolti nella gestione delle NEN.<\/p>\n<p>L\u2019obiettivo principale del nostro preceptorship \u00e8 fornire le basi di un approccio multidisciplinare diagnostico\/terapeutico ed indicare il percorso ideale per la gestione del paziente con sospetto diagnostico o diagnosi di NEN. Pi\u00f9 che un aggiornamento nozionistico il corso si propone di delineare un algoritmo temporale di ragionamento clinico e di trasmettere il modello di gestione \u00a0del gruppo multidisciplinare dedicato facilitando l\u2019interazione tra il singolo medico o la struttura periferica ed il centro di riferimento per la patologia in questione. In sostanza l\u2019obiettivo \u00e8 proporre, discutere e condividere un metodo, piuttosto che fornire un aggiornamento sullo stato dell\u2019arte della patologia.[\/vc_column_text][\/vc_column][\/vc_row][vc_row unlock_row_content=&#8221;yes&#8221; row_height_percent=&#8221;0&#8243; back_image=&#8221;12&#8243; overlay_alpha=&#8221;50&#8243; gutter_size=&#8221;3&#8243; column_width_percent=&#8221;100&#8243; shift_y=&#8221;0&#8243; z_index=&#8221;0&#8243; css=&#8221;.vc_custom_1519997397100{padding-bottom: 60px !important;}&#8221;][vc_column width=&#8221;1\/1&#8243;][\/vc_column][\/vc_row]<\/p>\n","protected":false},"excerpt":{"rendered":"<p>[vc_row unlock_row_content=&#8221;yes&#8221; row_height_percent=&#8221;0&#8243; overlay_alpha=&#8221;50&#8243; gutter_size=&#8221;2&#8243; column_width_percent=&#8221;100&#8243; shift_y=&#8221;0&#8243; z_index=&#8221;0&#8243;][vc_column width=&#8221;1\/2&#8243;][vc_button button_color=&#8221;color-588883&#8243; size=&#8221;btn-lg&#8221; wide=&#8221;yes&#8221; border_width=&#8221;0&#8243; icon_position=&#8221;right&#8221; icon=&#8221;fa fa-arrow-right&#8221; link=&#8221;url:http%3A%2F%2Fnenpreceptorship.it%2Fwp-content%2Fuploads%2F2021%2F09%2FNEN-PRECEPTORSHIP-IEO-PROGRAMMA.pdf||target:%20_blank|&#8221;]NEN PRECEPTORSHIP 13\/14 Settembre [&hellip;]<\/p>\n","protected":false},"author":1,"featured_media":0,"parent":0,"menu_order":0,"comment_status":"closed","ping_status":"closed","template":"","meta":{"footnotes":""},"class_list":["post-2","page","type-page","status-publish","hentry"],"_links":{"self":[{"href":"https:\/\/nenpreceptorship.it\/index.php?rest_route=\/wp\/v2\/pages\/2","targetHints":{"allow":["GET"]}}],"collection":[{"href":"https:\/\/nenpreceptorship.it\/index.php?rest_route=\/wp\/v2\/pages"}],"about":[{"href":"https:\/\/nenpreceptorship.it\/index.php?rest_route=\/wp\/v2\/types\/page"}],"author":[{"embeddable":true,"href":"https:\/\/nenpreceptorship.it\/index.php?rest_route=\/wp\/v2\/users\/1"}],"replies":[{"embeddable":true,"href":"https:\/\/nenpreceptorship.it\/index.php?rest_route=%2Fwp%2Fv2%2Fcomments&post=2"}],"version-history":[{"count":30,"href":"https:\/\/nenpreceptorship.it\/index.php?rest_route=\/wp\/v2\/pages\/2\/revisions"}],"predecessor-version":[{"id":567,"href":"https:\/\/nenpreceptorship.it\/index.php?rest_route=\/wp\/v2\/pages\/2\/revisions\/567"}],"wp:attachment":[{"href":"https:\/\/nenpreceptorship.it\/index.php?rest_route=%2Fwp%2Fv2%2Fmedia&parent=2"}],"curies":[{"name":"wp","href":"https:\/\/api.w.org\/{rel}","templated":true}]}}