{"id":517,"date":"2021-04-30T13:45:59","date_gmt":"2021-04-30T13:45:59","guid":{"rendered":"http:\/\/nenpreceptorship.it\/?page_id=517"},"modified":"2021-05-18T08:55:33","modified_gmt":"2021-05-18T08:55:33","slug":"studi-clinici-gruppo-net-ieo","status":"publish","type":"page","link":"https:\/\/nenpreceptorship.it\/?page_id=517","title":{"rendered":"Studi Clinici Gruppo NET IEO"},"content":{"rendered":"<p>[vc_row][vc_column width=&#8221;1\/1&#8243;][vc_row_inner][vc_column_inner column_width_percent=&#8221;100&#8243; gutter_size=&#8221;3&#8243; back_color=&#8221;color-lxmt&#8221; overlay_alpha=&#8221;50&#8243; medium_width=&#8221;0&#8243; mobile_width=&#8221;0&#8243; shift_x=&#8221;0&#8243; shift_y=&#8221;0&#8243; shift_y_down=&#8221;0&#8243; z_index=&#8221;0&#8243; width=&#8221;1\/1&#8243;][vc_custom_heading text_transform=&#8221;uppercase&#8221; text_color=&#8221;color-588883&#8243;]Protocolli attivi in fase di arruolamento:[\/vc_custom_heading][vc_column_text]<\/p>\n<ol>\n<li>MAVERIC, protocollo IEO 305. E\u2019 uno studio multicentrico randomizzato su everolimus in mantenimento in paziente con tumori neuroendocrini ben differenziati del tratto gastro-entero-pancreatico o del polmone.<\/li>\n<li>Studio POD1UM-201, protocollo IEO 948. E\u2019 uno studio di fase 2 sull\u2019uso di INCMGA0012, un anticorpo monoclonale anti-PD1 in paziente na\u00efve o pretrattati con carcinoma a cellule di Merkel metastatico. Al momento \u00e8 aperta la corte di arruolamento dei pazienti na\u00efve.<\/li>\n<li>MERKLIN 2, IEO 1254. E\u2019 un protocollo di fase 2 che valuta l\u2019efficacia e la tossicit\u00e0 dell\u2019aggiunta di Dominostat ad Avelumab in pazienti con carcinoma a cellule di Merkel metastatico in progressione dopo immunoterapia con anti-PD1 o anti-PDL1<\/li>\n<li>COMPETE, IEO 733. E\u2019 uno studio randomizzato di fase 3 su terapia radiorecettoriale (PRRT) vs. everolimus in pazienti con tumori neuroendocrini del tratto gastro-entero-pancreatico metastatici o inoperabili, in progressione.<\/li>\n<li>NETTER 2, IEO 1146. E\u2019 un protocollo randomizzato di fase 3 che confronta PRRT vs. analoghi della somatostatina ad alte dosi in pazienti con tumori neuroendocrini, ben differenziati del tratto gastro-entero-pancreatico di grado 2 e 3.<\/li>\n<li>Lysakare, IEO 1337. E\u2019 un protocollo post-marketing per valutare l\u2019effetto di Lysakare \u00ae sui livelli di potassio in pazienti con tumore neuroendocrino del tratto gastro-entero-pancreatico eleggibili per terapia con PRRT.<\/li>\n<li>Neo.LUPANET, IEO 1167. E\u2019 uno studio di fase II sulla terapia neoadiuvante con PRRT seguita da chirurgia nei pazienti con tumori neuroendocrini pancreatici resecabili.<\/li>\n<li>NEONET, IEO 0906. E\u2019 uno studio prospettico sull\u2019efficacia della PRRT ad intento neoadiuvante in pazienti affetti da tumori neuroendocrini del pancreas localmente avanzati od oligometastatici.<\/li>\n<li>IEO 676. E\u2019 uno studio prospettico di fase 2 sulla PRRT con Yttrio in pazienti affetti da tumori neuroendocrini di grado 1, 2 e 3 non operabili o metastatici.<\/li>\n<li>ASPEN, IEO 795. E\u2019 uno studio multicentrico prospettico sulla gestione clinica dei tumori neuroendocrini pancreatici non funzionanti del diametro\u00a0 \u2264\u00a0 2 cm, non metastatici<\/li>\n<li>INTENSIVE, IEO 1291. \u00c8 un protocollo spontaneo, multicentrico che prevede una survey internazionale sui pazienti affetti da neoplasia neuroendocrina positivi per SARS-CoV-2<\/li>\n<li>IEO 1003. E\u2019 uno studio osservazionale prospettico sul coinvolgimento del cuore in pazienti con neoplasie neuroendocrine funzionanti, volto all\u2019identificazione delle implicazioni cliniche e prognostiche.<\/li>\n<\/ol>\n<p>[\/vc_column_text][\/vc_column_inner][\/vc_row_inner][vc_row_inner][vc_column_inner column_width_percent=&#8221;100&#8243; gutter_size=&#8221;3&#8243; back_color=&#8221;color-lxmt&#8221; overlay_alpha=&#8221;50&#8243; medium_width=&#8221;0&#8243; mobile_width=&#8221;0&#8243; shift_x=&#8221;0&#8243; shift_y=&#8221;0&#8243; shift_y_down=&#8221;0&#8243; z_index=&#8221;0&#8243; width=&#8221;1\/1&#8243;][vc_custom_heading text_transform=&#8221;uppercase&#8221; text_color=&#8221;color-588883&#8243;]Protocolli in fase di attivazione:[\/vc_custom_heading][vc_column_text]<\/p>\n<ul>\n<li>NIRVANA, protocollo sperimentale spontaneo osservazionale che prevede la creazione di un database prospettico e l\u2019individuazione di fattori prognostici e predittivi in pazienti affetti da carcinomi neuroendocrini e MANEC extra-polmonari.<\/li>\n<li>TAPIOCA, protocollo sperimentale spontaneo osservazionale che prevede la creazione di un database prospettico e l\u2019individuazione di fattori prognostici e predittivi in pazienti affetti da tumori neuroendocrini del tratto gastro-entero-pancreatico di grado 3 (NET G3)<\/li>\n<li>VACCINATE, protocollo sperimentale spontaneo prospettico di valutazione della tossicit\u00e0, effetti ed efficacia dei vaccini anti-COVID 19 in pazienti affetti da neoplasie neuroendocrine e tumori del tratto gastro-entero-bilio-pancreatico.<\/li>\n<li>MK-6482. Studio prospettico di fase II sull\u2019efficacia e la tossicit\u00e0 del MK-6482 in monoterapia in pazienti affetti da feocromocitoma\/paraganglioma e tumori neuroendocrini del pancreas<\/li>\n<li>Surufatinib 2020-012-00EU1, IEO 1487. E\u2019 uno studio prospettico di fase II sull\u2019uso di Surufatinib in pazienti affetti da tumori neuroendocrini.<\/li>\n<li>MeTe study, IEO 1411. E\u2019 uno studio Italiano multicentrico di fase II sull\u2019uso di temozolomide metronomica in paziente frail affetti da neoplasie neuroendocrine.<\/li>\n<li>Real-LU, UID 2512. E\u2019 uno studio prospettico osservazionale per valutare gli outcame clinici dei pazienti con tumori neuroendocrini del tratto gastro-entero-pancreatico, metastatici o non resecabili, in trattamento con PRRT.<\/li>\n<li>REAL IFE, UID 2448. E\u2019 uno studio multicentrico sulla real life della terapia con PRRT e analoghi della somatostatina in pazienti affetti da tumori neuroendocrini<\/li>\n<li>FiReNEN, 2705. Analisi della \u201ctossicit\u00e0 finanziaria\u201d ed outcome clinici in paziente con tumori neuroendocrini del tratto gastro-entero-pancreatico.<\/li>\n<li>MONET, IEO 1436. Studio prospettico osservazionale sull\u2019impatto prognostico e approccio terapeutico delle metastasi ossee nei pazienti affetti da tumori neuroendocrini<\/li>\n<li>YOUNGSTER, 2802. E\u2019 uno studio prospettico osservazionale sui giovani adulti affetti da neoplasie neuroendocrine e tumori gastro-entero-pancreatici.<\/li>\n<li>IEO, 1113. \u00c8 uno studio multicentrico su pazienti con carcinoide polmonare in corso di prima linea con analogo della somatostatina.<\/li>\n<\/ul>\n<p>[\/vc_column_text][\/vc_column_inner][\/vc_row_inner][\/vc_column][\/vc_row][vc_row][vc_column width=&#8221;1\/1&#8243;][vc_empty_space empty_h=&#8221;2&#8243;][\/vc_column][\/vc_row]<\/p>\n","protected":false},"excerpt":{"rendered":"<p>[vc_row][vc_column width=&#8221;1\/1&#8243;][vc_row_inner][vc_column_inner column_width_percent=&#8221;100&#8243; gutter_size=&#8221;3&#8243; back_color=&#8221;color-lxmt&#8221; overlay_alpha=&#8221;50&#8243; medium_width=&#8221;0&#8243; mobile_width=&#8221;0&#8243; shift_x=&#8221;0&#8243; shift_y=&#8221;0&#8243; shift_y_down=&#8221;0&#8243; z_index=&#8221;0&#8243; width=&#8221;1\/1&#8243;][vc_custom_heading text_transform=&#8221;uppercase&#8221; text_color=&#8221;color-588883&#8243;]Protocolli attivi in fase di arruolamento:[\/vc_custom_heading][vc_column_text] [&hellip;]<\/p>\n","protected":false},"author":1,"featured_media":0,"parent":178,"menu_order":0,"comment_status":"closed","ping_status":"closed","template":"","meta":{"footnotes":""},"class_list":["post-517","page","type-page","status-publish","hentry"],"_links":{"self":[{"href":"https:\/\/nenpreceptorship.it\/index.php?rest_route=\/wp\/v2\/pages\/517","targetHints":{"allow":["GET"]}}],"collection":[{"href":"https:\/\/nenpreceptorship.it\/index.php?rest_route=\/wp\/v2\/pages"}],"about":[{"href":"https:\/\/nenpreceptorship.it\/index.php?rest_route=\/wp\/v2\/types\/page"}],"author":[{"embeddable":true,"href":"https:\/\/nenpreceptorship.it\/index.php?rest_route=\/wp\/v2\/users\/1"}],"replies":[{"embeddable":true,"href":"https:\/\/nenpreceptorship.it\/index.php?rest_route=%2Fwp%2Fv2%2Fcomments&post=517"}],"version-history":[{"count":4,"href":"https:\/\/nenpreceptorship.it\/index.php?rest_route=\/wp\/v2\/pages\/517\/revisions"}],"predecessor-version":[{"id":538,"href":"https:\/\/nenpreceptorship.it\/index.php?rest_route=\/wp\/v2\/pages\/517\/revisions\/538"}],"up":[{"embeddable":true,"href":"https:\/\/nenpreceptorship.it\/index.php?rest_route=\/wp\/v2\/pages\/178"}],"wp:attachment":[{"href":"https:\/\/nenpreceptorship.it\/index.php?rest_route=%2Fwp%2Fv2%2Fmedia&parent=517"}],"curies":[{"name":"wp","href":"https:\/\/api.w.org\/{rel}","templated":true}]}}